the prime factors of 13842325.
5, 7, 83, 953
What are the prime factors of 218994?
2, 3, 17, 19, 113
What are the prime factors of 1518126?
2, 3, 421, 601
List the prime factors of 968809.
968809
List the prime factors of 641077.
641077
What are the prime factors of 11911319?
7, 1701617
What are the prime factors of 3589875?
3, 5, 3191
List the prime factors of 4869212.
2, 1217303
List the prime factors of 7221913.
83, 87011
What are the prime factors of 3459106?
2, 7, 47, 751
List the prime factors of 216046.
2, 108023
List the prime factors of 400049.
13, 30773
List the prime factors of 214052.
2, 59, 907
What are the prime factors of 821910?
2, 3, 5, 27397
What are the prime factors of 210121?
19, 11059
List the prime factors of 320801.
13, 24677
List the prime factors of 5189867.
991, 5237
What are the prime factors of 250710?
2, 3, 5, 61, 137
List the prime factors of 109277.
7, 67, 233
List the prime factors of 136844.
2, 34211
What are the prime factors of 1369337?
1369337
List the prime factors of 185305.
5, 37061
What are the prime factors of 1151509?
127, 9067
List the prime factors of 2215415.
5, 31, 14293
List the prime factors of 2917450.
2, 5, 19, 37, 83
List the prime factors of 250238.
2, 125119
List the prime factors of 5426702.
2, 59, 45989
List the prime factors of 4747276.
2, 487, 2437
What are the prime factors of 682166?
2, 341083
List the prime factors of 2680848.
2, 3, 18617
List the prime factors of 692382.
2, 3, 167, 691
List the prime factors of 489771.
3, 54419
List the prime factors of 60537.
3, 17, 1187
What are the prime factors of 52465?
5, 7, 1499
What are the prime factors of 1437573?
3, 479191
List the prime factors of 594491.
19, 67, 467
What are the prime factors of 12788753?
383, 33391
List the prime factors of 506959.
109, 4651
List the prime factors of 34840.
2, 5, 13, 67
List the prime factors of 900222.
2, 3, 59, 2543
What are the prime factors of 792853?
73, 10861
List the prime factors of 5729321.
13, 440717
What are the prime factors of 3465984?
2, 3, 4513
What are the prime factors of 4018628?
2, 1004657
What are the prime factors of 12387935?
5, 7, 59, 857
What are the prime factors of 352678?
2, 19, 9281
List the prime factors of 669867.
3, 11, 53, 383
List the prime factors of 192645.
3, 5, 1427
What are the prime factors of 2025502?
2, 1012751
What are the prime factors of 11805775?
5, 37, 12763
What are the prime factors of 761925?
3, 5, 10159
List the prime factors of 7139620.
2, 5, 356981
List the prime factors of 451802.
2, 13, 17377
List the prime factors of 15061776.
2, 3, 179, 1753
What are the prime factors of 824951?
824951
What are the prime factors of 332680?
2, 5, 8317
What are the prime factors of 1817971?
487, 3733
What are the prime factors of 339733?
23, 14771
List the prime factors of 6778259.
61, 111119
What are the prime factors of 75174?
2, 3, 11, 17, 67
List the prime factors of 8862392.
2, 7, 11, 14387
List the prime factors of 1022998.
2, 19, 26921
List the prime factors of 634729.
17, 37337
List the prime factors of 46060.
2, 5, 7, 47
List the prime factors of 2366970.
2, 3, 5, 257, 307
What are the prime factors of 121341?
3, 11, 3677
What are the prime factors of 20429104?
2, 17, 19, 59, 67
What are the prime factors of 2315250?
2, 3, 5, 7
List the prime factors of 1343.
17, 79
What are the prime factors of 32659148?
2, 71, 114997
What are the prime factors of 887698?
2, 7, 163, 389
List the prime factors of 154371.
3, 7, 7351
What are the prime factors of 125?
5
List the prime factors of 5726519.
5726519
What are the prime factors of 79094?
2, 71, 557
List the prime factors of 275523.
3, 91841
What are the prime factors of 16919474?
2, 11, 13, 59159
List the prime factors of 1726498.
2, 47, 18367
What are the prime factors of 533877?
3, 251, 709
What are the prime factors of 12167381?
137, 88813
List the prime factors of 28181017.
28181017
List the prime factors of 1706620.
2, 5, 85331
What are the prime factors of 7039595?
5, 19, 74101
List the prime factors of 275122.
2, 151, 911
List the prime factors of 8014244.
2, 7, 31, 1319
List the prime factors of 3755263.
127, 29569
What are the prime factors of 1401742?
2, 700871
List the prime factors of 1502413.
11, 73, 1871
List the prime factors of 1654809.
3, 13, 151, 281
What are the prime factors of 14499304?
2, 29, 62497
What are the prime factors of 502155?
3, 5, 11159
List the prime factors of 31678634.
2, 13, 59, 107, 193
List the prime factors of 165128.
2, 20641
List the prime factors of 13227555.
3, 5, 11, 80167
What are the prime factors of 261991?
19, 13789
What are the prime factors of 3514956?
2, 3, 499, 587
What are the prime factors of 783573?
3, 7, 37313
List the prime factors of 1491893.
13, 114761
What are the prime factors of 1251887?
7, 13, 13757
List the prime factors of 1075937.
953, 1129
What are the prime factors of 13220799?
3, 101, 43633
What are the prime factors of 1239410?
2, 5, 123941
List the prime factors of 18776316.
2, 3, 13, 37, 3253
List the prime factors of 1499860.
2, 5, 19, 3947
List the prime factors of 524239.
23, 991
What are the prime factors of 7367756?
2, 11, 167449
List the prime factors of 16463.
101, 163
List the prime factors of 952121.
37, 25733
What are the prime factors of 2267488?
2, 59, 1201
What are the prime factors of 258532?
2, 64633
List the prime factors of 10020233.
53, 189061
What are the prime factors of 672928?
2, 17, 1237
List the prime factors of 101303.
17, 59, 101
List the prime factors of 61417.
61417
List the prime factors of 76549.
11, 6959
What are the prime factors of 317609?
317609
List the prime factors of 27388155.
3, 5, 421, 4337
List the prime factors of 84638.
2, 101, 419
List the prime factors of 1916648.
2, 17, 829
What are the prime factors of 3522123?
3, 11, 59, 67
What are the prime factors of 5940198?
2, 3, 11, 19, 1579
List the prime factors of 923451.
3, 307817
List the prime factors of 25147344.
2, 3, 523903
List the prime factors of 395631.
3, 14653
What are the prime factors of 988463?
7, 141209
List the prime factors of 23130.
2, 3, 5, 257
What are the prime factors of 10838922?
2, 3, 1806487
What are the prime factors of 8645165?
5, 1729033
What are the prime factors of 2836840?
2, 5, 70921
List the prime factors of 324396.
2, 3, 9011
What are the prime factors of 4118105?
5, 823621
List the prime factors of 261554.
2, 19, 6883
What are the prime factors of 5115454?
2, 53, 48259
What are the prime factors of 9631370?
2, 5, 7, 223, 617
List the prime factors of 3581595.
3, 5, 19, 59, 71
List the prime factors of 480075.
3, 5, 37, 173
List the prime factors of 2002435.
5, 47, 8521
List the prime factors of 31936683.
3, 1171, 9091
What are the prime factors of 254873?
254873
What are the prime factors of 17395176?
2, 3, 23, 31513
What are the prime factors of 2242950?
2, 3, 5, 19, 787
What are the prime factors of 1627712?
2, 29, 877
What are the prime factors of 151566?
2, 3, 25261
What are the prime factors of 782538?
2, 3, 130423
What are the prime factors of 2832961?
67, 42283
What are the prime factors of 4803581?
4803581
List the prime factors of 187643.
31, 6053
What are the prime factors of 1495276?
2, 23, 16253
List the prime factors of 23041473.
3, 7, 13, 84401
List the prime factors of 1919182.
2, 61, 15731
What are the prime factors of 99283?
101, 983
List the prime factors of 340817.
499, 683
List the prime factors of 748593.
3, 83177
List the prime factors of 1233179.
1233179
What are the prime factors of 1732932?
2, 3, 37, 1301
List the prime factors of 1748309.
601, 2909
List the prime factors of 959309.
13, 109, 677
List the prime factors of 210633.
3, 61, 1151
What are the prime factors of 1373804?
2, 17, 89, 227
List the prime factors of 4733002.
2, 71, 33331
What are the prime factors of 524520?
2, 3, 5, 31, 47
What are the prime factors of 7692346?
2, 179, 21487
What are the prime factors of 195369?
3, 65123
List the prime factors of 703673.
703673
What are the prime factors of 8033?
29, 277
List the prime factors of 1297445.
5, 41, 6329
What are the prime factors of 1677037?
1677037
List the prime factors of 5360484.
2, 3, 587, 761
What are the prime factors of 2507662?
2, 1253831
List the prime factors o